{"id":2352,"date":"2018-04-25T05:43:33","date_gmt":"2018-04-25T05:43:33","guid":{"rendered":"http:\/\/wordpress.magikthemes.com\/aspire\/?page_id=2352"},"modified":"2024-10-01T16:32:35","modified_gmt":"2024-10-01T21:32:35","slug":"faqs-page","status":"publish","type":"page","link":"https:\/\/tecnoinformatica-ec.com\/portal1\/?page_id=2352","title":{"rendered":"FAQs Page"},"content":{"rendered":"<h1 id=\"page-title\">Preguntas frecuentes sobre la tienda online de Tecnoinform\u00e1tica<\/h1>\n<p>&nbsp;<\/p>\n<article id=\"node-1458\"><strong>COMPRAS<\/strong><\/p>\n<p><strong>1. \u00bfCu\u00e1les son los pasos a seguir para comprar en la tienda Online?<\/strong><\/p>\n<ul>\n<li>Elige el producto que te interesa de las secciones clasificadas de la tienda on-line, y a trav\u00e9s de un clic conseguir\u00e1s una ampliaci\u00f3n de su fotograf\u00eda adem\u00e1s de informaci\u00f3n detallada del mismo.<\/li>\n<li>A\u00f1ade el art\u00edculo a la cesta. A continuaci\u00f3n puedes elegir seguir comprando o tramitar pedido.<\/li>\n<li>Selecciona un m\u00e9todo de pago: Visa, Visa Electron, Mastercard, American Express&#8230;<\/li>\n<li>Confirma el pedido y recibir\u00e1s un correo electr\u00f3nico de confirmaci\u00f3n.<\/li>\n<\/ul>\n<p><strong>2. \u00bfEs seguro comprar en la tienda online?<\/strong><\/p>\n<p>S\u00ed. Puedes comprar con total tranquilidad, pues dedicamos un gran esfuerzo en disponer de recursos con los que garantizar la seguridad de tus compras y de tus datos.<\/p>\n<p><strong>3. \u00bfSe reponen los art\u00edculos con la indicaci\u00f3n \u201cagotado\u201d?<\/strong><\/p>\n<p>Si un art\u00edculo est\u00e1 agotado, trataremos de reponerlo lo antes posible. Si no hubiese m\u00e1s existencias del mismo, lo retiraremos de la p\u00e1gina web.<\/p>\n<p><strong>4. \u00bfRecibir\u00e9 el mismo producto que veo en la fotograf\u00eda de la tienda online?<\/strong><\/p>\n<p>S\u00ed, excepto en aquellos productos manufacturados por medio de procesos artesanales en los que podr\u00eda haber m\u00ednimas diferencias de acabado.<\/p>\n<p><strong>5. \u00bfEs posible recibir informaci\u00f3n peri\u00f3dica en mi buz\u00f3n de correo electr\u00f3nico con las \u00faltimas novedades y ofertas de la tienda online?<\/strong><\/p>\n<p>Si dispones de tu alta en la \u201cNewsletter\u201d recibir\u00e1s informaci\u00f3n sobre las \u00faltimas novedades, adem\u00e1s de las nuevas actividades culturales que podr\u00e1s disfrutar.<\/p>\n<p><strong>6. \u00bfC\u00f3mo puedo asegurarme de haber realizado bien mi compra?<\/strong><\/p>\n<p>Una vez hecho tu pedido, recibir\u00e1s un correo electr\u00f3nico de confirmaci\u00f3n. Si no lo recibieses, ponte en contacto con nuestro&nbsp;<a href=\"mailto:almacen@cidadedacultura.org\">departamento de atenci\u00f3n al cliente<\/a>.<\/p>\n<p><strong>7. \u00bfQu\u00e9 debo hacer si recibo un art\u00edculo incorrecto o defectuoso?<\/strong><\/p>\n<p>Si en alguna ocasi\u00f3n, por error, llegases a recibir un art\u00edculo no solicitado o con alguna tara o defecto, ponte en contacto con nuestro&nbsp;<a href=\"mailto:almacen@cidadedacultura.org\">departamento de atenci\u00f3n al cliente<\/a>.<\/p>\n<p><strong>PAGO<\/strong><\/p>\n<p><strong>8. \u00bfEs seguro utilizar mi tarjeta de cr\u00e9dito en la p\u00e1gina web?<\/strong><\/p>\n<p>S\u00ed, sus datos se transmiten de forma totalmente encriptada SSL. Para el pago con Visa y Mastercard s\u00f3lo se aceptar\u00e1n transacciones CES (Comercio Electr\u00f3nico Seguro). As\u00ed pues, tras verificar que la tarjeta est\u00e1 adherida al sistema CES, el sistema contactar\u00e1 con el banco que la ha emitido para que autorice la compra. Una vez el banco confirme la autenticidad, se efectuar\u00e1 el cargo en la tarjeta. En caso contrario el pedido ser\u00e1 cancelado.<\/p>\n<p><strong>9. \u00bfPuedo obtener una factura a nombre de mi empresa?<\/strong><\/p>\n<p>S\u00ed. Solamente tienes que cubrir los datos fiscales que te pedimos.<\/p>\n<p><strong>ENV\u00cdO<\/strong><\/p>\n<p><strong>10. \u00bfPuedo saber en qu\u00e9 estado se encuentra mi pedido?<\/strong><\/p>\n<p>S\u00ed. Tras la recepci\u00f3n de tu confirmaci\u00f3n de pedido recibir\u00e1s una notificaci\u00f3n certificando la salida y env\u00edo del paquete. Dispones de un n\u00ba localizador del env\u00edo que te permite llevar a cabo un seguimiento del env\u00edo a cualquier hora desde la p\u00e1gina web&nbsp;<a href=\"http:\/\/www.correos.es\/\">www.correos.es<\/a>&nbsp;. Si deseas disponer de m\u00e1s informaci\u00f3n no dudes en ponerte en contacto con nuestro&nbsp;<a href=\"mailto:almacen@cidadedacultura.org\">departamento de atenci\u00f3n al cliente<\/a>.<\/p>\n<p><strong>11. \u00bfC\u00f3mo puedo cancelar mi pedido?<\/strong><\/p>\n<p>Podr\u00e1s cancelar tu pedido, siempre y cuando el estado del mismo lo permita. Puede ser perfectamente factible antes de la recepci\u00f3n del correo electr\u00f3nico de notificaci\u00f3n de salida del env\u00edo. Para ello, deber\u00e1s ponerte en contacto con nuestro&nbsp;<a href=\"mailto:almacen@cidadedacultura.org\">departamento de atenci\u00f3n al cliente<\/a>.<\/p>\n<p><strong>12. \u00bfQu\u00e9 debo hacer si recibo un art\u00edculo incorrecto o defectuoso?<\/strong><\/p>\n<p>Si en alguna ocasi\u00f3n, por error, llegases a recibir un art\u00edculo no solicitado o con alguna tara o defecto, ponte en contacto con nuestro&nbsp;<a href=\"mailto:almacen@cidadedacultura.org\">departamento de atenci\u00f3n al cliente<\/a>.<\/p>\n<p><strong>13. \u00bfCu\u00e1nto tardar\u00e1 en llegar mi pedido?<\/strong><\/p>\n<p>Los plazos de entrega dependen del destino al que se dirigen los env\u00edos. Para env\u00edos nacionales se usa el modelo de paquete postal 48\/72 y su plazo de entrega estimado en Espa\u00f1a es de 48 a 72 horas h\u00e1biles. Para env\u00edos internacionales dentro de la Uni\u00f3n Europea se usa el modelo de paquete internacional econ\u00f3mico que dispone de un plazo estimado de 8 a 10 d\u00edas laborables. Para otros destinos internacionales depende de cada pa\u00eds.<\/p>\n<p><strong>14. \u00bfCu\u00e1nto he de pagar de gastos de env\u00edo?<\/strong><\/p>\n<p>Los gastos de env\u00edo est\u00e1ndar son de 4,00 EUR.<\/p>\n<p><strong>15. \u00bfCu\u00e1l es el proceso de la entrega de un pedido?<\/strong><\/p>\n<p>El env\u00edo estar\u00e1 dirigido a la Oficina de Correos de Referencia m\u00e1s cercana a la direcci\u00f3n de destino. Correos notificar\u00e1 su llegada por medio de un Aviso depositado en el buz\u00f3n del destinatario.<\/p>\n<p><strong>CAMBIOS Y DEVOLUCIONES<\/strong><\/p>\n<p><strong>16. \u00bfPuedo cambiar mis art\u00edculos?<\/strong><\/p>\n<p>S\u00ed, los cambios se podr\u00e1n realizarse de color y\/o talla sobre la misma referencia o en sustituci\u00f3n de otro art\u00edculo. El proceso de cambio debe iniciarse en los 15 d\u00edas laborables posteriores a la recepci\u00f3n del pedido y el cliente deber\u00e1 hacerse cargo de los gastos de env\u00edo que genere ese proceso.<\/p>\n<p><strong>17. \u00bfC\u00f3mo debo hacer para devolver un art\u00edculo?<\/strong><\/p>\n<ul>\n<li>Para llevar a cabo una devoluci\u00f3n deber\u00e1s primeramente notificarlo poni\u00e9ndote en contacto con nosotros en nuestro&nbsp;<a href=\"mailto:almacen@cidadedacultura.org\">departamento de atenci\u00f3n al cliente<\/a>.<\/li>\n<li>Descargar, rellenar y enviarnos el&nbsp;<a href=\"https:\/\/www.cidadedacultura.gal\/sites\/default\/files\/users\/user_1\/documentodesistimiento_es.pdf\">documento de desistimiento<\/a>&nbsp;correspondiente.<\/li>\n<li>Enviar los art\u00edculos a trav\u00e9s de la Sociedad Estatal de Correos y Tel\u00e9grafos y por medio de un modelo de paquete que permita que el valor y circulaci\u00f3n de su contenido est\u00e9n registrados o controlados hasta su destino.<\/li>\n<\/ul>\n<p><strong>18. \u00bfCu\u00e1l es el plazo para poder realizar una devoluci\u00f3n?<\/strong><\/p>\n<p>El plazo para cualquier devoluci\u00f3n estar\u00e1 dentro de los 30 d\u00edas naturales desde la recepci\u00f3n de su notificaci\u00f3n de devoluci\u00f3n.<\/p>\n<p><strong>19. \u00bfTengo que pagar algo por mi devoluci\u00f3n?<\/strong><\/p>\n<p>El cliente deber\u00e1 hacerse cargo de los gastos de env\u00edo que genere este proceso.<\/p>\n<p><strong>20. \u00bfCu\u00e1ndo recibir\u00e9 el reembolso de mi devoluci\u00f3n?<\/strong><\/p>\n<p>Tras aprobar la devoluci\u00f3n (los art\u00edculos tienen que estar en perfecto estado y tener las etiquetas interiores) recibir\u00e1s un correo electr\u00f3nico de confirmaci\u00f3n indic\u00e1ndote que el importe se abonar\u00e1 en tu cuenta en unos d\u00edas. Recuerda que el abono a la tarjeta de cr\u00e9dito depende siempre de tu entidad bancaria.&nbsp;<\/p>\n<\/article>\n","protected":false},"excerpt":{"rendered":"<p>Preguntas frecuentes sobre la tienda online de Tecnoinform\u00e1tica &nbsp; COMPRAS 1. \u00bfCu\u00e1les son los pasos a seguir para comprar en la tienda Online? Elige el producto que te interesa de las secciones clasificadas de la tienda on-line, y a trav\u00e9s de un clic conseguir\u00e1s una ampliaci\u00f3n de su fotograf\u00eda adem\u00e1s de informaci\u00f3n detallada del mismo.<\/p>\n<div class=\"klb-readmore entry-button\"><a class=\"btn read-more\" href=\"https:\/\/tecnoinformatica-ec.com\/portal1\/?page_id=2352\">Read More<\/a><\/div>\n","protected":false},"author":4,"featured_media":0,"parent":0,"menu_order":0,"comment_status":"closed","ping_status":"closed","template":"","meta":{"footnotes":""},"class_list":["post-2352","page","type-page","status-publish","hentry"],"yoast_head":"<!-- This site is optimized with the Yoast SEO plugin v26.0 - https:\/\/yoast.com\/wordpress\/plugins\/seo\/ -->\n<title>FAQs Page - TECNOINFORMATICA<\/title>\n<meta name=\"robots\" content=\"index, follow, max-snippet:-1, max-image-preview:large, max-video-preview:-1\" \/>\n<link rel=\"canonical\" href=\"https:\/\/tecnoinformatica-ec.com\/portal1\/?page_id=2352\" \/>\n<meta property=\"og:locale\" content=\"es_ES\" \/>\n<meta property=\"og:type\" content=\"article\" \/>\n<meta property=\"og:title\" content=\"FAQs Page - TECNOINFORMATICA\" \/>\n<meta property=\"og:description\" content=\"Preguntas frecuentes sobre la tienda online de Tecnoinform\u00e1tica &nbsp; COMPRAS 1. \u00bfCu\u00e1les son los pasos a seguir para comprar en la tienda Online? Elige el producto que te interesa de las secciones clasificadas de la tienda on-line, y a trav\u00e9s de un clic conseguir\u00e1s una ampliaci\u00f3n de su fotograf\u00eda adem\u00e1s de informaci\u00f3n detallada del mismo.Read More\" \/>\n<meta property=\"og:url\" content=\"https:\/\/tecnoinformatica-ec.com\/portal1\/?page_id=2352\" \/>\n<meta property=\"og:site_name\" content=\"TECNOINFORMATICA\" \/>\n<meta property=\"article:modified_time\" content=\"2024-10-01T21:32:35+00:00\" \/>\n<meta name=\"twitter:card\" content=\"summary_large_image\" \/>\n<meta name=\"twitter:label1\" content=\"Tiempo de lectura\" \/>\n\t<meta name=\"twitter:data1\" content=\"5 minutos\" \/>\n<script type=\"application\/ld+json\" class=\"yoast-schema-graph\">{\"@context\":\"https:\/\/schema.org\",\"@graph\":[{\"@type\":\"WebPage\",\"@id\":\"https:\/\/tecnoinformatica-ec.com\/portal1\/?page_id=2352\",\"url\":\"https:\/\/tecnoinformatica-ec.com\/portal1\/?page_id=2352\",\"name\":\"FAQs Page - TECNOINFORMATICA\",\"isPartOf\":{\"@id\":\"https:\/\/tecnoinformatica-ec.com\/portal1\/#website\"},\"datePublished\":\"2018-04-25T05:43:33+00:00\",\"dateModified\":\"2024-10-01T21:32:35+00:00\",\"breadcrumb\":{\"@id\":\"https:\/\/tecnoinformatica-ec.com\/portal1\/?page_id=2352#breadcrumb\"},\"inLanguage\":\"es\",\"potentialAction\":[{\"@type\":\"ReadAction\",\"target\":[\"https:\/\/tecnoinformatica-ec.com\/portal1\/?page_id=2352\"]}]},{\"@type\":\"BreadcrumbList\",\"@id\":\"https:\/\/tecnoinformatica-ec.com\/portal1\/?page_id=2352#breadcrumb\",\"itemListElement\":[{\"@type\":\"ListItem\",\"position\":1,\"name\":\"Portada\",\"item\":\"https:\/\/tecnoinformatica-ec.com\/portal1\/\"},{\"@type\":\"ListItem\",\"position\":2,\"name\":\"FAQs Page\"}]},{\"@type\":\"WebSite\",\"@id\":\"https:\/\/tecnoinformatica-ec.com\/portal1\/#website\",\"url\":\"https:\/\/tecnoinformatica-ec.com\/portal1\/\",\"name\":\"TECNOINFORMATICA\",\"description\":\"La mejor soluci\u00f3n en Comptaci\u00f3n para usted\",\"potentialAction\":[{\"@type\":\"SearchAction\",\"target\":{\"@type\":\"EntryPoint\",\"urlTemplate\":\"https:\/\/tecnoinformatica-ec.com\/portal1\/?s={search_term_string}\"},\"query-input\":{\"@type\":\"PropertyValueSpecification\",\"valueRequired\":true,\"valueName\":\"search_term_string\"}}],\"inLanguage\":\"es\"}]}<\/script>\n<!-- \/ Yoast SEO plugin. -->","yoast_head_json":{"title":"FAQs Page - TECNOINFORMATICA","robots":{"index":"index","follow":"follow","max-snippet":"max-snippet:-1","max-image-preview":"max-image-preview:large","max-video-preview":"max-video-preview:-1"},"canonical":"https:\/\/tecnoinformatica-ec.com\/portal1\/?page_id=2352","og_locale":"es_ES","og_type":"article","og_title":"FAQs Page - TECNOINFORMATICA","og_description":"Preguntas frecuentes sobre la tienda online de Tecnoinform\u00e1tica &nbsp; COMPRAS 1. \u00bfCu\u00e1les son los pasos a seguir para comprar en la tienda Online? Elige el producto que te interesa de las secciones clasificadas de la tienda on-line, y a trav\u00e9s de un clic conseguir\u00e1s una ampliaci\u00f3n de su fotograf\u00eda adem\u00e1s de informaci\u00f3n detallada del mismo.Read More","og_url":"https:\/\/tecnoinformatica-ec.com\/portal1\/?page_id=2352","og_site_name":"TECNOINFORMATICA","article_modified_time":"2024-10-01T21:32:35+00:00","twitter_card":"summary_large_image","twitter_misc":{"Tiempo de lectura":"5 minutos"},"schema":{"@context":"https:\/\/schema.org","@graph":[{"@type":"WebPage","@id":"https:\/\/tecnoinformatica-ec.com\/portal1\/?page_id=2352","url":"https:\/\/tecnoinformatica-ec.com\/portal1\/?page_id=2352","name":"FAQs Page - TECNOINFORMATICA","isPartOf":{"@id":"https:\/\/tecnoinformatica-ec.com\/portal1\/#website"},"datePublished":"2018-04-25T05:43:33+00:00","dateModified":"2024-10-01T21:32:35+00:00","breadcrumb":{"@id":"https:\/\/tecnoinformatica-ec.com\/portal1\/?page_id=2352#breadcrumb"},"inLanguage":"es","potentialAction":[{"@type":"ReadAction","target":["https:\/\/tecnoinformatica-ec.com\/portal1\/?page_id=2352"]}]},{"@type":"BreadcrumbList","@id":"https:\/\/tecnoinformatica-ec.com\/portal1\/?page_id=2352#breadcrumb","itemListElement":[{"@type":"ListItem","position":1,"name":"Portada","item":"https:\/\/tecnoinformatica-ec.com\/portal1\/"},{"@type":"ListItem","position":2,"name":"FAQs Page"}]},{"@type":"WebSite","@id":"https:\/\/tecnoinformatica-ec.com\/portal1\/#website","url":"https:\/\/tecnoinformatica-ec.com\/portal1\/","name":"TECNOINFORMATICA","description":"La mejor soluci\u00f3n en Comptaci\u00f3n para usted","potentialAction":[{"@type":"SearchAction","target":{"@type":"EntryPoint","urlTemplate":"https:\/\/tecnoinformatica-ec.com\/portal1\/?s={search_term_string}"},"query-input":{"@type":"PropertyValueSpecification","valueRequired":true,"valueName":"search_term_string"}}],"inLanguage":"es"}]}},"_links":{"self":[{"href":"https:\/\/tecnoinformatica-ec.com\/portal1\/index.php?rest_route=\/wp\/v2\/pages\/2352","targetHints":{"allow":["GET"]}}],"collection":[{"href":"https:\/\/tecnoinformatica-ec.com\/portal1\/index.php?rest_route=\/wp\/v2\/pages"}],"about":[{"href":"https:\/\/tecnoinformatica-ec.com\/portal1\/index.php?rest_route=\/wp\/v2\/types\/page"}],"author":[{"embeddable":true,"href":"https:\/\/tecnoinformatica-ec.com\/portal1\/index.php?rest_route=\/wp\/v2\/users\/4"}],"replies":[{"embeddable":true,"href":"https:\/\/tecnoinformatica-ec.com\/portal1\/index.php?rest_route=%2Fwp%2Fv2%2Fcomments&post=2352"}],"version-history":[{"count":16,"href":"https:\/\/tecnoinformatica-ec.com\/portal1\/index.php?rest_route=\/wp\/v2\/pages\/2352\/revisions"}],"predecessor-version":[{"id":4560,"href":"https:\/\/tecnoinformatica-ec.com\/portal1\/index.php?rest_route=\/wp\/v2\/pages\/2352\/revisions\/4560"}],"wp:attachment":[{"href":"https:\/\/tecnoinformatica-ec.com\/portal1\/index.php?rest_route=%2Fwp%2Fv2%2Fmedia&parent=2352"}],"curies":[{"name":"wp","href":"https:\/\/api.w.org\/{rel}","templated":true}]}}