{"id":47,"date":"2019-09-21T19:52:06","date_gmt":"2019-09-21T19:52:06","guid":{"rendered":"http:\/\/tecnoinformatica-ec.com\/portal1\/?page_id=47"},"modified":"2022-05-25T23:22:45","modified_gmt":"2022-05-26T04:22:45","slug":"soporte","status":"publish","type":"page","link":"https:\/\/tecnoinformatica-ec.com\/portal1\/?page_id=47","title":{"rendered":"SOPORTE"},"content":{"rendered":"\t\t<div data-elementor-type=\"wp-page\" data-elementor-id=\"47\" class=\"elementor elementor-47\">\n\t\t\t\t\t\t<section class=\"elementor-section elementor-top-section elementor-element elementor-element-28b3ad5f elementor-section-boxed elementor-section-height-default elementor-section-height-default\" data-id=\"28b3ad5f\" data-element_type=\"section\">\n\t\t\t\t\t\t<div class=\"elementor-container elementor-column-gap-default\">\n\t\t\t\t\t<div class=\"elementor-column elementor-col-100 elementor-top-column elementor-element elementor-element-689a626d\" data-id=\"689a626d\" data-element_type=\"column\">\n\t\t\t<div class=\"elementor-widget-wrap elementor-element-populated\">\n\t\t\t\t\t\t<div class=\"elementor-element elementor-element-21754674 elementor-widget elementor-widget-text-editor\" data-id=\"21754674\" data-element_type=\"widget\" data-widget_type=\"text-editor.default\">\n\t\t\t\t<div class=\"elementor-widget-container\">\n\t\t\t\t\t\t\t\t\t<h3 style=\"text-align: center;\"><strong>SOPORTE Y SOLUCIONES ON LINE CON PROFESIONALES EXPERIMENTADOS<\/strong><\/h3>\t\t\t\t\t\t\t\t<\/div>\n\t\t\t\t<\/div>\n\t\t\t\t\t<\/div>\n\t\t<\/div>\n\t\t\t\t\t<\/div>\n\t\t<\/section>\n\t\t\t\t<section class=\"elementor-section elementor-top-section elementor-element elementor-element-8cf8cba elementor-section-boxed elementor-section-height-default elementor-section-height-default\" data-id=\"8cf8cba\" data-element_type=\"section\">\n\t\t\t\t\t\t<div class=\"elementor-container elementor-column-gap-default\">\n\t\t\t\t\t<div class=\"elementor-column elementor-col-100 elementor-top-column elementor-element elementor-element-6ffd84c\" data-id=\"6ffd84c\" data-element_type=\"column\">\n\t\t\t<div class=\"elementor-widget-wrap elementor-element-populated\">\n\t\t\t\t\t\t<div class=\"elementor-element elementor-element-1f3d482 elementor-widget elementor-widget-image\" data-id=\"1f3d482\" data-element_type=\"widget\" data-widget_type=\"image.default\">\n\t\t\t\t<div class=\"elementor-widget-container\">\n\t\t\t\t\t\t\t\t\t\t\t\t\t\t\t<img fetchpriority=\"high\" decoding=\"async\" width=\"960\" height=\"294\" src=\"https:\/\/tecnoinformatica-ec.com\/portal1\/wp-content\/uploads\/2018\/04\/about-img-1024x314.jpg\" class=\"attachment-large size-large wp-image-2341\" alt=\"\" srcset=\"https:\/\/tecnoinformatica-ec.com\/portal1\/wp-content\/uploads\/2018\/04\/about-img-1024x314.jpg 1024w, https:\/\/tecnoinformatica-ec.com\/portal1\/wp-content\/uploads\/2018\/04\/about-img-90x28.jpg 90w, https:\/\/tecnoinformatica-ec.com\/portal1\/wp-content\/uploads\/2018\/04\/about-img-600x184.jpg 600w, https:\/\/tecnoinformatica-ec.com\/portal1\/wp-content\/uploads\/2018\/04\/about-img-300x92.jpg 300w, https:\/\/tecnoinformatica-ec.com\/portal1\/wp-content\/uploads\/2018\/04\/about-img-768x236.jpg 768w, https:\/\/tecnoinformatica-ec.com\/portal1\/wp-content\/uploads\/2018\/04\/about-img.jpg 1140w\" sizes=\"(max-width: 960px) 100vw, 960px\" \/>\t\t\t\t\t\t\t\t\t\t\t\t\t\t\t<\/div>\n\t\t\t\t<\/div>\n\t\t\t\t\t<\/div>\n\t\t<\/div>\n\t\t\t\t\t<\/div>\n\t\t<\/section>\n\t\t\t\t<section class=\"elementor-section elementor-top-section elementor-element elementor-element-ea299ae elementor-section-boxed elementor-section-height-default elementor-section-height-default elementor-invisible\" data-id=\"ea299ae\" data-element_type=\"section\" data-settings=\"{&quot;animation&quot;:&quot;bounceInUp&quot;}\">\n\t\t\t\t\t\t<div class=\"elementor-container elementor-column-gap-default\">\n\t\t\t\t\t<div class=\"elementor-column elementor-col-33 elementor-top-column elementor-element elementor-element-45269b0\" data-id=\"45269b0\" data-element_type=\"column\">\n\t\t\t<div class=\"elementor-widget-wrap elementor-element-populated\">\n\t\t\t\t\t\t<div class=\"elementor-element elementor-element-17abe33 elementor-widget elementor-widget-heading\" data-id=\"17abe33\" data-element_type=\"widget\" data-widget_type=\"heading.default\">\n\t\t\t\t<div class=\"elementor-widget-container\">\n\t\t\t\t\t<h5 class=\"elementor-heading-title elementor-size-default\">1.   Help Desk para Hogar y Empresas<br>\n2.  Mantenimiento Preventivo-Correctivo<br>\n3.  Reparaci\u00f3n Electr\u00f3nica Inform\u00e1tica<br>\n4.  Instalaciones de Redes LAN - WAN WiFi<br>\n5.  Instalaciones de Circuitos CCTV<br>\n6.  Implementaci\u00f3n de servicios Home Office<br>7.  Instalaci\u00f3n de Controles de Asistencia<br>8.  Instalaciones de Aulas Interactivas<\/h5>\t\t\t\t<\/div>\n\t\t\t\t<\/div>\n\t\t\t\t\t<\/div>\n\t\t<\/div>\n\t\t\t\t<div class=\"elementor-column elementor-col-66 elementor-top-column elementor-element elementor-element-cd0944c\" data-id=\"cd0944c\" data-element_type=\"column\">\n\t\t\t<div class=\"elementor-widget-wrap elementor-element-populated\">\n\t\t\t\t\t\t<div class=\"elementor-element elementor-element-597b51c elementor-widget elementor-widget-text-editor\" data-id=\"597b51c\" data-element_type=\"widget\" data-widget_type=\"text-editor.default\">\n\t\t\t\t<div class=\"elementor-widget-container\">\n\t\t\t\t\t\t\t\t\t<h5>Estimados Clientes Nosotros hacemos que la soluci\u00f3n efectiva llegue a la puerta de su casa o empresa a tan solo un Click desde su equipo de Comunicaci\u00f3n.<\/h5>\n<p>\u00a0<\/p>\n<h5>Soluciones profesionales y efectivas a su alcance, nosotros tenemos la soluci\u00f3n total..<\/h5>\n<div>\u00a0<\/div>\t\t\t\t\t\t\t\t<\/div>\n\t\t\t\t<\/div>\n\t\t\t\t\t<\/div>\n\t\t<\/div>\n\t\t\t\t\t<\/div>\n\t\t<\/section>\n\t\t\t\t<section class=\"elementor-section elementor-top-section elementor-element elementor-element-1fa23d3 elementor-section-boxed elementor-section-height-default elementor-section-height-default\" data-id=\"1fa23d3\" data-element_type=\"section\">\n\t\t\t\t\t\t<div class=\"elementor-container elementor-column-gap-default\">\n\t\t\t\t\t<div class=\"elementor-column elementor-col-100 elementor-top-column elementor-element elementor-element-cc0bd0b\" data-id=\"cc0bd0b\" data-element_type=\"column\">\n\t\t\t<div class=\"elementor-widget-wrap elementor-element-populated\">\n\t\t\t\t\t\t<div class=\"elementor-element elementor-element-05514da elementor-widget elementor-widget-heading\" data-id=\"05514da\" data-element_type=\"widget\" data-widget_type=\"heading.default\">\n\t\t\t\t<div class=\"elementor-widget-container\">\n\t\t\t\t\t<h3 class=\"elementor-heading-title elementor-size-default\"><b>Servicios y soporte 24x7<\/b><\/h3>\t\t\t\t<\/div>\n\t\t\t\t<\/div>\n\t\t\t\t\t<\/div>\n\t\t<\/div>\n\t\t\t\t\t<\/div>\n\t\t<\/section>\n\t\t\t\t<\/div>\n\t\t","protected":false},"excerpt":{"rendered":"<p>SOPORTE Y SOLUCIONES ON LINE CON PROFESIONALES EXPERIMENTADOS 1. Help Desk para Hogar y Empresas 2. Mantenimiento Preventivo-Correctivo 3. Reparaci\u00f3n Electr\u00f3nica Inform\u00e1tica 4. Instalaciones de Redes LAN &#8211; WAN WiFi 5. Instalaciones de Circuitos CCTV 6. Implementaci\u00f3n de servicios Home Office7. Instalaci\u00f3n de Controles de Asistencia8. Instalaciones de Aulas Interactivas Estimados Clientes Nosotros hacemos que<\/p>\n<div class=\"klb-readmore entry-button\"><a class=\"btn read-more\" href=\"https:\/\/tecnoinformatica-ec.com\/portal1\/?page_id=47\">Read More<\/a><\/div>\n","protected":false},"author":1,"featured_media":0,"parent":0,"menu_order":0,"comment_status":"closed","ping_status":"closed","template":"","meta":{"footnotes":""},"class_list":["post-47","page","type-page","status-publish","hentry"],"yoast_head":"<!-- This site is optimized with the Yoast SEO plugin v26.0 - https:\/\/yoast.com\/wordpress\/plugins\/seo\/ -->\n<title>SOPORTE - TECNOINFORMATICA<\/title>\n<meta name=\"robots\" content=\"index, follow, max-snippet:-1, max-image-preview:large, max-video-preview:-1\" \/>\n<link rel=\"canonical\" href=\"https:\/\/tecnoinformatica-ec.com\/portal1\/?page_id=47\" \/>\n<meta property=\"og:locale\" content=\"es_ES\" \/>\n<meta property=\"og:type\" content=\"article\" \/>\n<meta property=\"og:title\" content=\"SOPORTE - TECNOINFORMATICA\" \/>\n<meta property=\"og:description\" content=\"SOPORTE Y SOLUCIONES ON LINE CON PROFESIONALES EXPERIMENTADOS 1. Help Desk para Hogar y Empresas 2. Mantenimiento Preventivo-Correctivo 3. Reparaci\u00f3n Electr\u00f3nica Inform\u00e1tica 4. Instalaciones de Redes LAN &#8211; WAN WiFi 5. Instalaciones de Circuitos CCTV 6. Implementaci\u00f3n de servicios Home Office7. Instalaci\u00f3n de Controles de Asistencia8. Instalaciones de Aulas Interactivas Estimados Clientes Nosotros hacemos queRead More\" \/>\n<meta property=\"og:url\" content=\"https:\/\/tecnoinformatica-ec.com\/portal1\/?page_id=47\" \/>\n<meta property=\"og:site_name\" content=\"TECNOINFORMATICA\" \/>\n<meta property=\"article:modified_time\" content=\"2022-05-26T04:22:45+00:00\" \/>\n<meta property=\"og:image\" content=\"https:\/\/tecnoinformatica-ec.com\/portal1\/wp-content\/uploads\/2018\/04\/about-img-1024x314.jpg\" \/>\n<meta name=\"twitter:card\" content=\"summary_large_image\" \/>\n<meta name=\"twitter:label1\" content=\"Tiempo de lectura\" \/>\n\t<meta name=\"twitter:data1\" content=\"1 minuto\" \/>\n<script type=\"application\/ld+json\" class=\"yoast-schema-graph\">{\"@context\":\"https:\/\/schema.org\",\"@graph\":[{\"@type\":\"WebPage\",\"@id\":\"https:\/\/tecnoinformatica-ec.com\/portal1\/?page_id=47\",\"url\":\"https:\/\/tecnoinformatica-ec.com\/portal1\/?page_id=47\",\"name\":\"SOPORTE - TECNOINFORMATICA\",\"isPartOf\":{\"@id\":\"https:\/\/tecnoinformatica-ec.com\/portal1\/#website\"},\"primaryImageOfPage\":{\"@id\":\"https:\/\/tecnoinformatica-ec.com\/portal1\/?page_id=47#primaryimage\"},\"image\":{\"@id\":\"https:\/\/tecnoinformatica-ec.com\/portal1\/?page_id=47#primaryimage\"},\"thumbnailUrl\":\"https:\/\/tecnoinformatica-ec.com\/portal1\/wp-content\/uploads\/2018\/04\/about-img-1024x314.jpg\",\"datePublished\":\"2019-09-21T19:52:06+00:00\",\"dateModified\":\"2022-05-26T04:22:45+00:00\",\"breadcrumb\":{\"@id\":\"https:\/\/tecnoinformatica-ec.com\/portal1\/?page_id=47#breadcrumb\"},\"inLanguage\":\"es\",\"potentialAction\":[{\"@type\":\"ReadAction\",\"target\":[\"https:\/\/tecnoinformatica-ec.com\/portal1\/?page_id=47\"]}]},{\"@type\":\"ImageObject\",\"inLanguage\":\"es\",\"@id\":\"https:\/\/tecnoinformatica-ec.com\/portal1\/?page_id=47#primaryimage\",\"url\":\"https:\/\/tecnoinformatica-ec.com\/portal1\/wp-content\/uploads\/2018\/04\/about-img.jpg\",\"contentUrl\":\"https:\/\/tecnoinformatica-ec.com\/portal1\/wp-content\/uploads\/2018\/04\/about-img.jpg\",\"width\":1140,\"height\":350},{\"@type\":\"BreadcrumbList\",\"@id\":\"https:\/\/tecnoinformatica-ec.com\/portal1\/?page_id=47#breadcrumb\",\"itemListElement\":[{\"@type\":\"ListItem\",\"position\":1,\"name\":\"Portada\",\"item\":\"https:\/\/tecnoinformatica-ec.com\/portal1\/\"},{\"@type\":\"ListItem\",\"position\":2,\"name\":\"SOPORTE\"}]},{\"@type\":\"WebSite\",\"@id\":\"https:\/\/tecnoinformatica-ec.com\/portal1\/#website\",\"url\":\"https:\/\/tecnoinformatica-ec.com\/portal1\/\",\"name\":\"TECNOINFORMATICA\",\"description\":\"La mejor soluci\u00f3n en Comptaci\u00f3n para usted\",\"potentialAction\":[{\"@type\":\"SearchAction\",\"target\":{\"@type\":\"EntryPoint\",\"urlTemplate\":\"https:\/\/tecnoinformatica-ec.com\/portal1\/?s={search_term_string}\"},\"query-input\":{\"@type\":\"PropertyValueSpecification\",\"valueRequired\":true,\"valueName\":\"search_term_string\"}}],\"inLanguage\":\"es\"}]}<\/script>\n<!-- \/ Yoast SEO plugin. -->","yoast_head_json":{"title":"SOPORTE - TECNOINFORMATICA","robots":{"index":"index","follow":"follow","max-snippet":"max-snippet:-1","max-image-preview":"max-image-preview:large","max-video-preview":"max-video-preview:-1"},"canonical":"https:\/\/tecnoinformatica-ec.com\/portal1\/?page_id=47","og_locale":"es_ES","og_type":"article","og_title":"SOPORTE - TECNOINFORMATICA","og_description":"SOPORTE Y SOLUCIONES ON LINE CON PROFESIONALES EXPERIMENTADOS 1. Help Desk para Hogar y Empresas 2. Mantenimiento Preventivo-Correctivo 3. Reparaci\u00f3n Electr\u00f3nica Inform\u00e1tica 4. Instalaciones de Redes LAN &#8211; WAN WiFi 5. Instalaciones de Circuitos CCTV 6. Implementaci\u00f3n de servicios Home Office7. Instalaci\u00f3n de Controles de Asistencia8. Instalaciones de Aulas Interactivas Estimados Clientes Nosotros hacemos queRead More","og_url":"https:\/\/tecnoinformatica-ec.com\/portal1\/?page_id=47","og_site_name":"TECNOINFORMATICA","article_modified_time":"2022-05-26T04:22:45+00:00","og_image":[{"url":"https:\/\/tecnoinformatica-ec.com\/portal1\/wp-content\/uploads\/2018\/04\/about-img-1024x314.jpg","type":"","width":"","height":""}],"twitter_card":"summary_large_image","twitter_misc":{"Tiempo de lectura":"1 minuto"},"schema":{"@context":"https:\/\/schema.org","@graph":[{"@type":"WebPage","@id":"https:\/\/tecnoinformatica-ec.com\/portal1\/?page_id=47","url":"https:\/\/tecnoinformatica-ec.com\/portal1\/?page_id=47","name":"SOPORTE - TECNOINFORMATICA","isPartOf":{"@id":"https:\/\/tecnoinformatica-ec.com\/portal1\/#website"},"primaryImageOfPage":{"@id":"https:\/\/tecnoinformatica-ec.com\/portal1\/?page_id=47#primaryimage"},"image":{"@id":"https:\/\/tecnoinformatica-ec.com\/portal1\/?page_id=47#primaryimage"},"thumbnailUrl":"https:\/\/tecnoinformatica-ec.com\/portal1\/wp-content\/uploads\/2018\/04\/about-img-1024x314.jpg","datePublished":"2019-09-21T19:52:06+00:00","dateModified":"2022-05-26T04:22:45+00:00","breadcrumb":{"@id":"https:\/\/tecnoinformatica-ec.com\/portal1\/?page_id=47#breadcrumb"},"inLanguage":"es","potentialAction":[{"@type":"ReadAction","target":["https:\/\/tecnoinformatica-ec.com\/portal1\/?page_id=47"]}]},{"@type":"ImageObject","inLanguage":"es","@id":"https:\/\/tecnoinformatica-ec.com\/portal1\/?page_id=47#primaryimage","url":"https:\/\/tecnoinformatica-ec.com\/portal1\/wp-content\/uploads\/2018\/04\/about-img.jpg","contentUrl":"https:\/\/tecnoinformatica-ec.com\/portal1\/wp-content\/uploads\/2018\/04\/about-img.jpg","width":1140,"height":350},{"@type":"BreadcrumbList","@id":"https:\/\/tecnoinformatica-ec.com\/portal1\/?page_id=47#breadcrumb","itemListElement":[{"@type":"ListItem","position":1,"name":"Portada","item":"https:\/\/tecnoinformatica-ec.com\/portal1\/"},{"@type":"ListItem","position":2,"name":"SOPORTE"}]},{"@type":"WebSite","@id":"https:\/\/tecnoinformatica-ec.com\/portal1\/#website","url":"https:\/\/tecnoinformatica-ec.com\/portal1\/","name":"TECNOINFORMATICA","description":"La mejor soluci\u00f3n en Comptaci\u00f3n para usted","potentialAction":[{"@type":"SearchAction","target":{"@type":"EntryPoint","urlTemplate":"https:\/\/tecnoinformatica-ec.com\/portal1\/?s={search_term_string}"},"query-input":{"@type":"PropertyValueSpecification","valueRequired":true,"valueName":"search_term_string"}}],"inLanguage":"es"}]}},"_links":{"self":[{"href":"https:\/\/tecnoinformatica-ec.com\/portal1\/index.php?rest_route=\/wp\/v2\/pages\/47","targetHints":{"allow":["GET"]}}],"collection":[{"href":"https:\/\/tecnoinformatica-ec.com\/portal1\/index.php?rest_route=\/wp\/v2\/pages"}],"about":[{"href":"https:\/\/tecnoinformatica-ec.com\/portal1\/index.php?rest_route=\/wp\/v2\/types\/page"}],"author":[{"embeddable":true,"href":"https:\/\/tecnoinformatica-ec.com\/portal1\/index.php?rest_route=\/wp\/v2\/users\/1"}],"replies":[{"embeddable":true,"href":"https:\/\/tecnoinformatica-ec.com\/portal1\/index.php?rest_route=%2Fwp%2Fv2%2Fcomments&post=47"}],"version-history":[{"count":28,"href":"https:\/\/tecnoinformatica-ec.com\/portal1\/index.php?rest_route=\/wp\/v2\/pages\/47\/revisions"}],"predecessor-version":[{"id":3548,"href":"https:\/\/tecnoinformatica-ec.com\/portal1\/index.php?rest_route=\/wp\/v2\/pages\/47\/revisions\/3548"}],"wp:attachment":[{"href":"https:\/\/tecnoinformatica-ec.com\/portal1\/index.php?rest_route=%2Fwp%2Fv2%2Fmedia&parent=47"}],"curies":[{"name":"wp","href":"https:\/\/api.w.org\/{rel}","templated":true}]}}