{"id":382,"date":"2021-09-09T07:32:52","date_gmt":"2021-09-09T12:32:52","guid":{"rendered":"http:\/\/localhost\/machic\/?post_type=product&#038;p=382"},"modified":"2022-09-23T14:33:55","modified_gmt":"2022-09-23T19:33:55","slug":"fujifilm-16642939-x100v-digital-camera-silver","status":"publish","type":"product","link":"https:\/\/tecnoinformatica-ec.com\/portal1\/?product=fujifilm-16642939-x100v-digital-camera-silver","title":{"rendered":"Webcam Logitech C270\/960-000694 \/Micr\u00f3fono  Integrado"},"content":{"rendered":"<p>Webcam Logitech C270 1280x720p Micr\u00f3fono Integrado<\/p>\n<p>Caracter\u00edsticas:<\/p>\n<ul>\n<li>720 HD Webcam<\/li>\n<li>Resoluci\u00f3n: 1280 x 720<\/li>\n<li>Conexi\u00f3n: USB<\/li>\n<li>Compatible: Windows XP (SP2 o superior), Windows Vista o Windows 7 (32 bits o 64 bits)<\/li>\n<\/ul>\n","protected":false},"excerpt":{"rendered":"<ul>\n<li>Micr\u00f3fono integrado<\/li>\n<li>Grabaci\u00f3n de v\u00eddeo HD<\/li>\n<li>Videollamadas HD 720P<\/li>\n<\/ul>\n","protected":false},"featured_media":4114,"comment_status":"open","ping_status":"closed","template":"","meta":[],"product_brand":[],"product_cat":[42,297],"product_tag":[],"class_list":{"0":"post-382","1":"product","2":"type-product","3":"status-publish","4":"has-post-thumbnail","6":"product_cat-camaras","7":"product_cat-webcam","9":"first","10":"instock","11":"sale","12":"taxable","13":"shipping-taxable","14":"purchasable","15":"product-type-simple"},"yoast_head":"<!-- This site is optimized with the Yoast SEO plugin v26.0 - https:\/\/yoast.com\/wordpress\/plugins\/seo\/ -->\n<title>Webcam Logitech C270\/960-000694 \/Micr\u00f3fono Integrado - TECNOINFORMATICA<\/title>\n<meta name=\"robots\" content=\"index, follow, max-snippet:-1, max-image-preview:large, max-video-preview:-1\" \/>\n<link rel=\"canonical\" href=\"https:\/\/tecnoinformatica-ec.com\/portal1\/?product=fujifilm-16642939-x100v-digital-camera-silver\" \/>\n<meta property=\"og:locale\" content=\"es_ES\" \/>\n<meta property=\"og:type\" content=\"article\" \/>\n<meta property=\"og:title\" content=\"Webcam Logitech C270\/960-000694 \/Micr\u00f3fono Integrado - TECNOINFORMATICA\" \/>\n<meta property=\"og:description\" content=\"Micr\u00f3fono integrado  Grabaci\u00f3n de v\u00eddeo HD  Videollamadas HD 720P\" \/>\n<meta property=\"og:url\" content=\"https:\/\/tecnoinformatica-ec.com\/portal1\/?product=fujifilm-16642939-x100v-digital-camera-silver\" \/>\n<meta property=\"og:site_name\" content=\"TECNOINFORMATICA\" \/>\n<meta property=\"article:modified_time\" content=\"2022-09-23T19:33:55+00:00\" \/>\n<meta property=\"og:image\" content=\"https:\/\/tecnoinformatica-ec.com\/portal1\/wp-content\/uploads\/2021\/09\/CSC-1.png\" \/>\n\t<meta property=\"og:image:width\" content=\"2084\" \/>\n\t<meta property=\"og:image:height\" content=\"1297\" \/>\n\t<meta property=\"og:image:type\" content=\"image\/png\" \/>\n<meta name=\"twitter:card\" content=\"summary_large_image\" \/>\n<meta name=\"twitter:label1\" content=\"Tiempo de lectura\" \/>\n\t<meta name=\"twitter:data1\" content=\"1 minuto\" \/>\n<script type=\"application\/ld+json\" class=\"yoast-schema-graph\">{\"@context\":\"https:\/\/schema.org\",\"@graph\":[{\"@type\":\"WebPage\",\"@id\":\"https:\/\/tecnoinformatica-ec.com\/portal1\/?product=fujifilm-16642939-x100v-digital-camera-silver\",\"url\":\"https:\/\/tecnoinformatica-ec.com\/portal1\/?product=fujifilm-16642939-x100v-digital-camera-silver\",\"name\":\"Webcam Logitech C270\/960-000694 \/Micr\u00f3fono Integrado - TECNOINFORMATICA\",\"isPartOf\":{\"@id\":\"https:\/\/tecnoinformatica-ec.com\/portal1\/#website\"},\"primaryImageOfPage\":{\"@id\":\"https:\/\/tecnoinformatica-ec.com\/portal1\/?product=fujifilm-16642939-x100v-digital-camera-silver#primaryimage\"},\"image\":{\"@id\":\"https:\/\/tecnoinformatica-ec.com\/portal1\/?product=fujifilm-16642939-x100v-digital-camera-silver#primaryimage\"},\"thumbnailUrl\":\"https:\/\/tecnoinformatica-ec.com\/portal1\/wp-content\/uploads\/2021\/09\/CSC-1.png\",\"datePublished\":\"2021-09-09T12:32:52+00:00\",\"dateModified\":\"2022-09-23T19:33:55+00:00\",\"breadcrumb\":{\"@id\":\"https:\/\/tecnoinformatica-ec.com\/portal1\/?product=fujifilm-16642939-x100v-digital-camera-silver#breadcrumb\"},\"inLanguage\":\"es\",\"potentialAction\":[{\"@type\":\"ReadAction\",\"target\":[\"https:\/\/tecnoinformatica-ec.com\/portal1\/?product=fujifilm-16642939-x100v-digital-camera-silver\"]}]},{\"@type\":\"ImageObject\",\"inLanguage\":\"es\",\"@id\":\"https:\/\/tecnoinformatica-ec.com\/portal1\/?product=fujifilm-16642939-x100v-digital-camera-silver#primaryimage\",\"url\":\"https:\/\/tecnoinformatica-ec.com\/portal1\/wp-content\/uploads\/2021\/09\/CSC-1.png\",\"contentUrl\":\"https:\/\/tecnoinformatica-ec.com\/portal1\/wp-content\/uploads\/2021\/09\/CSC-1.png\",\"width\":2084,\"height\":1297},{\"@type\":\"BreadcrumbList\",\"@id\":\"https:\/\/tecnoinformatica-ec.com\/portal1\/?product=fujifilm-16642939-x100v-digital-camera-silver#breadcrumb\",\"itemListElement\":[{\"@type\":\"ListItem\",\"position\":1,\"name\":\"Portada\",\"item\":\"https:\/\/tecnoinformatica-ec.com\/portal1\/\"},{\"@type\":\"ListItem\",\"position\":2,\"name\":\"Shop\",\"item\":\"https:\/\/tecnoinformatica-ec.com\/portal1\/?page_id=1788\"},{\"@type\":\"ListItem\",\"position\":3,\"name\":\"Webcam Logitech C270\/960-000694 \/Micr\u00f3fono Integrado\"}]},{\"@type\":\"WebSite\",\"@id\":\"https:\/\/tecnoinformatica-ec.com\/portal1\/#website\",\"url\":\"https:\/\/tecnoinformatica-ec.com\/portal1\/\",\"name\":\"TECNOINFORMATICA\",\"description\":\"La mejor soluci\u00f3n en Comptaci\u00f3n para usted\",\"potentialAction\":[{\"@type\":\"SearchAction\",\"target\":{\"@type\":\"EntryPoint\",\"urlTemplate\":\"https:\/\/tecnoinformatica-ec.com\/portal1\/?s={search_term_string}\"},\"query-input\":{\"@type\":\"PropertyValueSpecification\",\"valueRequired\":true,\"valueName\":\"search_term_string\"}}],\"inLanguage\":\"es\"}]}<\/script>\n<!-- \/ Yoast SEO plugin. -->","yoast_head_json":{"title":"Webcam Logitech C270\/960-000694 \/Micr\u00f3fono Integrado - TECNOINFORMATICA","robots":{"index":"index","follow":"follow","max-snippet":"max-snippet:-1","max-image-preview":"max-image-preview:large","max-video-preview":"max-video-preview:-1"},"canonical":"https:\/\/tecnoinformatica-ec.com\/portal1\/?product=fujifilm-16642939-x100v-digital-camera-silver","og_locale":"es_ES","og_type":"article","og_title":"Webcam Logitech C270\/960-000694 \/Micr\u00f3fono Integrado - TECNOINFORMATICA","og_description":"Micr\u00f3fono integrado  Grabaci\u00f3n de v\u00eddeo HD  Videollamadas HD 720P","og_url":"https:\/\/tecnoinformatica-ec.com\/portal1\/?product=fujifilm-16642939-x100v-digital-camera-silver","og_site_name":"TECNOINFORMATICA","article_modified_time":"2022-09-23T19:33:55+00:00","og_image":[{"width":2084,"height":1297,"url":"https:\/\/tecnoinformatica-ec.com\/portal1\/wp-content\/uploads\/2021\/09\/CSC-1.png","type":"image\/png"}],"twitter_card":"summary_large_image","twitter_misc":{"Tiempo de lectura":"1 minuto"},"schema":{"@context":"https:\/\/schema.org","@graph":[{"@type":"WebPage","@id":"https:\/\/tecnoinformatica-ec.com\/portal1\/?product=fujifilm-16642939-x100v-digital-camera-silver","url":"https:\/\/tecnoinformatica-ec.com\/portal1\/?product=fujifilm-16642939-x100v-digital-camera-silver","name":"Webcam Logitech C270\/960-000694 \/Micr\u00f3fono Integrado - TECNOINFORMATICA","isPartOf":{"@id":"https:\/\/tecnoinformatica-ec.com\/portal1\/#website"},"primaryImageOfPage":{"@id":"https:\/\/tecnoinformatica-ec.com\/portal1\/?product=fujifilm-16642939-x100v-digital-camera-silver#primaryimage"},"image":{"@id":"https:\/\/tecnoinformatica-ec.com\/portal1\/?product=fujifilm-16642939-x100v-digital-camera-silver#primaryimage"},"thumbnailUrl":"https:\/\/tecnoinformatica-ec.com\/portal1\/wp-content\/uploads\/2021\/09\/CSC-1.png","datePublished":"2021-09-09T12:32:52+00:00","dateModified":"2022-09-23T19:33:55+00:00","breadcrumb":{"@id":"https:\/\/tecnoinformatica-ec.com\/portal1\/?product=fujifilm-16642939-x100v-digital-camera-silver#breadcrumb"},"inLanguage":"es","potentialAction":[{"@type":"ReadAction","target":["https:\/\/tecnoinformatica-ec.com\/portal1\/?product=fujifilm-16642939-x100v-digital-camera-silver"]}]},{"@type":"ImageObject","inLanguage":"es","@id":"https:\/\/tecnoinformatica-ec.com\/portal1\/?product=fujifilm-16642939-x100v-digital-camera-silver#primaryimage","url":"https:\/\/tecnoinformatica-ec.com\/portal1\/wp-content\/uploads\/2021\/09\/CSC-1.png","contentUrl":"https:\/\/tecnoinformatica-ec.com\/portal1\/wp-content\/uploads\/2021\/09\/CSC-1.png","width":2084,"height":1297},{"@type":"BreadcrumbList","@id":"https:\/\/tecnoinformatica-ec.com\/portal1\/?product=fujifilm-16642939-x100v-digital-camera-silver#breadcrumb","itemListElement":[{"@type":"ListItem","position":1,"name":"Portada","item":"https:\/\/tecnoinformatica-ec.com\/portal1\/"},{"@type":"ListItem","position":2,"name":"Shop","item":"https:\/\/tecnoinformatica-ec.com\/portal1\/?page_id=1788"},{"@type":"ListItem","position":3,"name":"Webcam Logitech C270\/960-000694 \/Micr\u00f3fono Integrado"}]},{"@type":"WebSite","@id":"https:\/\/tecnoinformatica-ec.com\/portal1\/#website","url":"https:\/\/tecnoinformatica-ec.com\/portal1\/","name":"TECNOINFORMATICA","description":"La mejor soluci\u00f3n en Comptaci\u00f3n para usted","potentialAction":[{"@type":"SearchAction","target":{"@type":"EntryPoint","urlTemplate":"https:\/\/tecnoinformatica-ec.com\/portal1\/?s={search_term_string}"},"query-input":{"@type":"PropertyValueSpecification","valueRequired":true,"valueName":"search_term_string"}}],"inLanguage":"es"}]}},"_links":{"self":[{"href":"https:\/\/tecnoinformatica-ec.com\/portal1\/index.php?rest_route=\/wp\/v2\/product\/382","targetHints":{"allow":["GET"]}}],"collection":[{"href":"https:\/\/tecnoinformatica-ec.com\/portal1\/index.php?rest_route=\/wp\/v2\/product"}],"about":[{"href":"https:\/\/tecnoinformatica-ec.com\/portal1\/index.php?rest_route=\/wp\/v2\/types\/product"}],"replies":[{"embeddable":true,"href":"https:\/\/tecnoinformatica-ec.com\/portal1\/index.php?rest_route=%2Fwp%2Fv2%2Fcomments&post=382"}],"version-history":[{"count":3,"href":"https:\/\/tecnoinformatica-ec.com\/portal1\/index.php?rest_route=\/wp\/v2\/product\/382\/revisions"}],"predecessor-version":[{"id":4113,"href":"https:\/\/tecnoinformatica-ec.com\/portal1\/index.php?rest_route=\/wp\/v2\/product\/382\/revisions\/4113"}],"wp:featuredmedia":[{"embeddable":true,"href":"https:\/\/tecnoinformatica-ec.com\/portal1\/index.php?rest_route=\/wp\/v2\/media\/4114"}],"wp:attachment":[{"href":"https:\/\/tecnoinformatica-ec.com\/portal1\/index.php?rest_route=%2Fwp%2Fv2%2Fmedia&parent=382"}],"wp:term":[{"taxonomy":"product_brand","embeddable":true,"href":"https:\/\/tecnoinformatica-ec.com\/portal1\/index.php?rest_route=%2Fwp%2Fv2%2Fproduct_brand&post=382"},{"taxonomy":"product_cat","embeddable":true,"href":"https:\/\/tecnoinformatica-ec.com\/portal1\/index.php?rest_route=%2Fwp%2Fv2%2Fproduct_cat&post=382"},{"taxonomy":"product_tag","embeddable":true,"href":"https:\/\/tecnoinformatica-ec.com\/portal1\/index.php?rest_route=%2Fwp%2Fv2%2Fproduct_tag&post=382"}],"curies":[{"name":"wp","href":"https:\/\/api.w.org\/{rel}","templated":true}]}}